et k(o) = 8*o**2 + o - 1. Determine k(p).
8
Let g(w) = -2*w - 2 + 6 - 2. Let t be ((-8)/20)/(2/10). Determine g(t).
6
Let q(y) be the first derivative of y**4/4 - 4*y**3/3 - 5*y**2/2 + 7*y - 11. Give q(5).
7
Let o(j) = -10*j**2 - 45*j**3 + 15 + 7*j - 4 + 46*j**3. What is o(9)?
-7
Let l(v) = -v - 2*v**3 + v**3 - 14 + 0*v**3 + 2. Calculate l(0).
-12
Let o(x) = 3 - 2*x**2 + 1 + 2*x - 2. Suppose -26 = -5*r - 146. Let s be 1/(-6) + 44/r. Determine o(s).
-10
Let u(w) be the second derivative of w**5/60 - w**4/4 - 2*w**3/3 + 2*w**2 - 4*w. Let x(y) be the first derivative of u(y). Calculate x(7).
3
Let j be (1/(-4))/((-16)/(-64)). Let b(s) = -18*s + 1. Calculate b(j).
19
Let l = -12 - -15. Let k(m) = 7*m + 2*m**2 - 3*m**2 - l + m**2 - m**2. Determine k(6).
3
Let a(c) = 0*c**3 + 7 - c**3 - 33*c + 32*c + 0*c**3 + 7*c**2. Determine a(7).
0
Let z(v) be the third derivative of -2*v**5/15 + v**3/6 + 30*v**2. Calculate z(1).
-7
Let i(g) = 6*g**2 + g + 1. Suppose 0 = -3*b - 5*o + 7, -5*b + 3*o = 2 + 9. Let p be i(b). Let q(s) = -s**2 + 5*s + 8. What is q(p)?
2
Let y(u) = 3*u - 9. Let h(f) = -2*f + 5. Let j(n) = -11*h(n) - 6*y(n). Suppose 3*k + 4 = 3*t - 5, k + 7 = 5*t. Give j(t).
3
Let b(u) = 7*u**2 - u - 7. Let p(r) = -3*r**2 + r + 4. Let g(a) = 2*b(a) + 5*p(a). Calculate g(5).
-4
Suppose 4*n = 20, -3*q = -4*q + 3*n - 10. Suppose -3*b - i = -3*i - 13, -q*b + 5*i = -30. Let m(h) = 2*h - 3*h + 2*h + b. Calculate m(4).
5
Suppose 0 = -5*r + 10 - 0. Let m(o) = -1 + 2*o**3 - o**3 + 7*o**2 - 6*o**r + o - 3*o**2. Determine m(2).
1
Let d(c) = -3 - c**2 - c + 0 + 0*c - 6*c. Give d(-5).
7
Let c(j) = 11*j**3 - 23*j**2 + 12*j + 14. Let d(z) = 4*z**3 - 8*z**2 + 4*z + 5. Let g(u) = 3*c(u) - 8*d(u). Let w(t) = -t + 13. Let a be w(9). What is g(a)?
2
Let l be 30/7 - (185/35 - 5). Let f(h) = -h + 1. Determine f(l).
-3
Let d(h) = h. Let r be d(-4). Let j(f) = -f**2 - 3*f + 10. Let c(w) = 152*w**2 + 0*w - 2*w + 9 - 153*w**2. Let l(n) = r*j(n) + 5*c(n). Calculate l(4).
-3
Suppose 4 = -2*t - 10. Let y(b) = -b**3 - 7*b**2 - 6. Calculate y(t).
-6
Suppose -5*m = -5*j - 40, -3*m + 3*j + 19 = j. Let n(t) be the second derivative of 0 + 5/6*t**m - 3*t**2 - t - 1/12*t**4. Give n(5).
-6
Let b(q) = -4*q**3 + 8*q**2 - 2*q + 6. Let w(c) = -3*c**3 + 7*c**2 - c + 5. Let y = 2 + -6. Let s(p) = y*b(p) + 5*w(p). What is s(-3)?
-8
Let a = 75 + -79. Let f(d) = d**2 + 2*d. Calculate f(a).
8
Suppose 0*g + 4*g - 4 = 0. Suppose 8 = 2*h + 4*s, s + 2*s = -5*h - g. Let w(o) = 5*o - 1. What is w(h)?
-11
Let a(i) = i + 2. Let d(l) be the second derivative of -l**5/20 + 7*l**4/12 - 3*l**2 + 2*l. Let z be d(7). Let q = 4 + z. What is a(q)?
0
Let b = 17 + -20. Let q(i) = 11*i - 5. Let t(u) = 6*u - 2. Let k(f) = b*q(f) + 7*t(f). Suppose 0*g - 2 = 2*g. Determine k(g).
-8
Suppose -8 - 8 = -4*i, -5*j = 4*i + 59. Let x = -9 - j. Let l(y) = -x*y**3 - 2*y - 1 + 0*y - y**2 + 0*y. Determine l(-1).
6
Let a(u) = -3*u + 3. Let b = 2 + 0. Let t = b + -12. Let k be (t/25)/(2/(-10)). Give a(k).
-3
Let x(c) = -c + 6. Let l be 0 + -2 + 1 - -6. Calculate x(l).
1
Suppose -f + 3 = -2*d + 2, 20 = -5*d. Let z(h) = 3*h + 2. Give z(f).
-19
Let p(k) = -5*k**2 - 10*k + 1. Let c(f) = 11*f**2 + 21*f - 2. Suppose 4*v = 29 + 23. Let r(z) = v*p(z) + 6*c(z). Determine r(4).
1
Let m be (4 - -1)/(1 + 0). Suppose -2*f + 2*a = -10, m - 12 = f + 3*a. Let g(i) = -10*i + 8. Let b(y) = -9*y + 7. Let q(r) = -6*b(r) + 5*g(r). Calculate q(f).
6
Let o(z) be the first derivative of -8*z**2 - 55. Give o(-1).
16
Let y = -10 + 13. Let j(k) = 5*k**2 - 4*k + 5 + y*k**3 - 4*k**3 + 3*k. Calculate j(5).
0
Let z(t) = -4*t**2 - 5*t - 1. Let n(m) = -m**2 + 1. Let y(i) = -5*n(i) + z(i). Let s(q) = q**2 + 4*q - 7. Let d be s(-6). Give y(d).
-6
Suppose 5*g - 3*g + 10 = 0. Let t(i) = -i**2 - 5*i + 1. What is t(g)?
1
Let y be ((-1)/(-3))/((-3)/(-45)). Let u = y + 1. Let k(q) = q - 13. Give k(u).
-7
Let j(y) = 1 - 2*y**2 - y**3 - 2*y - 2*y**2 + 2*y + y. What is j(-4)?
-3
Suppose -4*k + 83 = -9*x + 4*x, -21 = -k + x. Let u(r) = -31 + 52 + r - k. Calculate u(1).
0
Suppose 21 = 4*g - 15. Let f = g + -8. Let u(d) = d. What is u(f)?
1
Let a(l) be the third derivative of l**4/8 - 7*l**3/6 + 4*l**2. Let j(x) = 13*x - 28. Let s(y) = 9*a(y) - 2*j(y). Calculate s(6).
-1
Let b(i) = -i**3 + 4*i**2 + i - 2. Suppose 0 = 4*q - 39 + 27. Calculate b(q).
10
Let w(t) = -4*t + 13. Let r(o) = 3*o - 12. Let c(l) = 3*r(l) + 2*w(l). What is c(8)?
-2
Let b(l) = -5*l**3 + 8*l**2 - 4*l + 2. Let k(f) = -1. Let y(z) = 4*z**3 - 7*z**2 + 3*z + 2. Let j(p) = 3*k(p) + y(p). Let n(i) = 3*b(i) + 4*j(i). What is n(4)?
2
Let w(i) = i**3 + 6*i**2 + i + 7. Let x be ((-15)/(-12))/((-3)/12). Give w(x).
27
Let s(d) be the third derivative of -d**5/60 - d**4/12 - d**3/6 - d**2. Suppose 4 + 5 = -3*t. Let m be (t/(-6))/(2/(-12)). Determine s(m).
-4
Let h(y) = -2*y + 7. Let b(j) = -2*j + 8. Let s(a) = -4*b(a) + 3*h(a). Calculate s(8).
5
Let d(t) = 3*t + 0 + 4 + 3 - 2. Let n be d(-2). Let r(f) = 0*f**3 + 1 - 2*f**2 - 3*f**3 + f**2. Determine r(n).
3
Let a(x) be the first derivative of -x**5/120 + 5*x**4/24 + x**3/3 - 3. Let k(h) be the third derivative of a(h). What is k(0)?
5
Suppose -4*m = 4*y - 1 - 3, -3*m = 9. Suppose f = -3*f - 4*d - y, -2*f + 4 = 5*d. Let z(w) = w + 1. Calculate z(f).
-2
Let b(l) = l**3 - l**2 + l + 13. Let v be b(0). Suppose 1 = 3*k + v. Let q(r) = -2*r - 4. Calculate q(k).
4
Let y(v) = v**2 + 2*v - 4. Let i(b) be the second derivative of -2*b**3/3 - b**2/2 - 3*b. Let k be i(1). What is y(k)?
11
Let o(c) = c**3 - 2*c. Let b(t) = -6*t**3 - t**2 + 11*t + 1. Let k(j) = -2*b(j) - 11*o(j). Let m be 0/(-3 + 2 + 0). Let f = -2 - m. Calculate k(f).
-2
Let g(i) = 5 + 33*i - 55*i + 21*i. Suppose b + 3*w + 24 = 6*b, -3*b + 14 = -2*w. Determine g(b).
-1
Let m(j) = -j**2 - 4*j - 2. Let p(k) = -k + 1. Let b(n) = n**2 + 7*n + 14. Let f(r) = -b(r) + 2*p(r). Let g be f(-8). Give m(g).
-2
Let t(m) = m**3 - 3*m**2 + m - 1. Let x be 4/10 - (-40)/25. Give t(x).
-3
Let n(y) = y**3 + 4*y**2 - y - 1. Let a be 3*2/6 - 1. Let u(m) = 3 + m + 0*m**2 + a*m**2 + 0*m**2 - m**2. Let r be u(3). Determine n(r).
11
Let z(f) be the third derivative of f**6/120 - f**5/12 + 5*f**4/24 + f**3/2 + 7*f**2. Calculate z(4).
7
Let y(n) = -3*n**2 - n + 2. Let u(j) = -6*j**2 + 1 - 4*j - 9*j**2 + 6 + 2*j**2. Let t(x) = 2*u(x) - 9*y(x). What is t(-3)?
2
Let f(r) = -6*r + 3. Suppose -6*s + 4*s - 10 = 0. Let z(m) = -m - 1. Let u(h) = s*z(h) + f(h). What is u(7)?
1
Let w(q) = -q + 2. Let t be ((-6)/5)/(6/(-30)). Suppose -p - t = p. Give w(p).
5
Let b = -6 + 0. Let i = b - -1. Let d(z) = 0*z - 4 - z - z. What is d(i)?
6
Let z = -56 - -50. Let v(l) = -l**3 - 4*l**2 + 9*l + 4. Determine v(z).
22
Let l(q) = -2*q - 2 + 3*q - q**2 - 3*q. Determine l(-2).
-2
Let d(c) = -c + 1. Let q(s) = -s**2. Let p(t) = -5*d(t) + q(t). Calculate p(5).
-5
Let c(k) = -3*k**2 - 15*k - 4. Let t(y) = -y**2 - 7*y - 2. Let g(l) = -2*c(l) + 5*t(l). Let u = -1 + 7. Calculate g(u).
4
Suppose -3*t - 15 = -8*t. Let o(y) = 4*y - y**3 - t*y + y + y + 4 + y**2. Calculate o(3).
-5
Let h(u) = -u + 4. Let o be 12/2 - (-9)/(-9). Calculate h(o).
-1
Let g(v) = -v**3 + v**2 + v + 2. Suppose 3*c - 2*s - 15 + 0 = 0, 0 = c - 4*s - 15. Suppose -c*j = -j. What is g(j)?
2
Let p(b) = -b**2 + 5*b. Let z be (0 + 2)/(10/(-180)). Let u be 5/2*z/(-30). Give p(u).
6
Let j(w) = -w**2 + w**3 - w + 0*w + 2*w**2. Suppose 0 = 4*v - v + 6. Determine j(v).
-2
Let b(u) be the third derivative of -u**6/120 - u**5/12 - u**3/2 - 5*u**2. What is b(-5)?
-3
Suppose 0*x = -x + 5. Let s(v) = 1. Let u(d) = d**2 - 6*d + 11. Let h = -1 + 0. Let o(l) = h*u(l) + 6*s(l). Give o(x).
0
Let x(p) = p + 2. Suppose -2*h = -3*h - 4, 0 = j - h + 2. Give x(j).
-4
Let u(f) = -1 - 2*f + 0 + 3*f. Let r(k) = -4*k. Let p(m) = r(m) + u(m). Suppose 8 = 5*b - 7. Calculate p(b).
-10
Suppose -1 = -m + 1. Suppose -m*u = -3*j + u + 12, j + u + 6 = 0. Let y = j - -3. Let z(a) = 2*a - 3. Calculate z(y).
1
Let z be (-1)/((-9)/6)*-3. Let x be 3 + -6 + 2 - -3. Let t(k) = -4*k**2 - k**2 + k + 2 + 6*k**x. Calculate t(z).
4
Let j(g) be the first derivative of 3*g**2/2 - 3*g - 2. Suppose -5*o + 10 - 50 = 0. Let q be 4/(o/(-6))*1. Calculate j(q).
6
Let g(z) = -3*z**2 + z + 1. Suppose 4*s + 5*q = -12, 10 = -3*s - q - 3*q. Suppose -3*l - h = 3, 5*h